{"id":23,"date":"2025-03-10T10:31:06","date_gmt":"2025-03-10T10:31:06","guid":{"rendered":"http:\/\/www.rinechoillus.fr\/?page_id=23"},"modified":"2025-10-13T13:43:16","modified_gmt":"2025-10-13T13:43:16","slug":"commandes","status":"publish","type":"page","link":"https:\/\/www.rinechoillus.fr\/?page_id=23","title":{"rendered":"Contact"},"content":{"rendered":"\n<h2 class=\"wp-block-heading has-text-align-center\">Retrouvez moi sur mes r\u00e9seaux<\/h2>\n\n\n\n<blockquote class=\"wp-block-quote is-layout-flow wp-block-quote-is-layout-flow\">\n<p class=\"has-text-align-center\">Vous avez des questions sur mon travail ? Ou autre ? Passez par les r\u00e9seaux<\/p>\n<\/blockquote>\n\n\n\n<div class=\"wp-block-buttons is-content-justification-center is-layout-flex wp-container-core-buttons-is-layout-a89b3969 wp-block-buttons-is-layout-flex\">\n<div class=\"wp-block-button\"><a class=\"wp-block-button__link has-text-align-center wp-element-button\" href=\"https:\/\/www.twitch.tv\/rinecho\" target=\"_blank\" rel=\"noreferrer noopener\">Twitch<\/a><\/div>\n\n\n\n<div class=\"wp-block-button\"><a class=\"wp-block-button__link wp-element-button\" href=\"https:\/\/www.instagram.com\/rinecho.illu\/\" target=\"_blank\" rel=\"noreferrer noopener\">Instagram<\/a><\/div>\n\n\n\n<div class=\"wp-block-button\"><a class=\"wp-block-button__link wp-element-button\" href=\"https:\/\/www.youtube.com\/@rinechoscoffeetime\/featured\" target=\"_blank\" rel=\"noreferrer noopener\">Youtube<\/a><\/div>\n\n\n\n<div class=\"wp-block-button\"><a class=\"wp-block-button__link wp-element-button\" href=\"https:\/\/www.tiktok.com\/@rinecho1\" target=\"_blank\" rel=\"noreferrer noopener\">TikTok<\/a><\/div>\n\n\n\n<div class=\"wp-block-button\"><a class=\"wp-block-button__link wp-element-button\" href=\"https:\/\/discord.com\/channels\/785206167059300402\/785206167500488704\/795332759354343475\" target=\"_blank\" rel=\"noreferrer noopener\">Discord<\/a><\/div>\n\n\n\n<div class=\"wp-block-button\"><a class=\"wp-block-button__link wp-element-button\" href=\"https:\/\/linktr.ee\/RinEchoIllus\" target=\"_blank\" rel=\"noreferrer noopener\">Link .Tree<\/a><\/div>\n<\/div>\n\n\n\n<hr class=\"wp-block-separator has-alpha-channel-opacity is-style-dots\"\/>\n\n\n\n<hr class=\"wp-block-separator has-alpha-channel-opacity is-style-default\"\/>\n\n\n\n<hr class=\"wp-block-separator has-alpha-channel-opacity is-style-dots\"\/>\n\n\n\n<h3 class=\"wp-block-heading has-text-align-center\">Une id\u00e9e de projet ? Tu veux un devis ? Vas-y, lances toi ! <\/h3>\n\n\n\n<div class=\"forminator-guttenberg\"><form id=\"forminator-module-672\" class=\"forminator-custom-form forminator-custom-form-672\" method=\"post\" data-forminator-render=\"0\" data-uid=\"69dffc4fe722f\"><div role=\"alert\" aria-live=\"polite\" class=\"forminator-response-message forminator-error\" aria-hidden=\"true\"><\/div><\/form><\/div>\n\n\n\n<hr class=\"wp-block-separator has-alpha-channel-opacity is-style-dots\"\/>\n\n\n\n<hr class=\"wp-block-separator has-alpha-channel-opacity is-style-default\"\/>\n\n\n\n<hr class=\"wp-block-separator has-alpha-channel-opacity is-style-dots\"\/>\n\n\n\n<h3 class=\"wp-block-heading has-text-align-center\">Tu veux en savoir plus sur ce qui se passe chez RinEcho Illustrations ? Inscris toi \u00e0 la Newsletters !<\/h3>\n\n\n\n<div class=\"forminator-guttenberg\"><form id=\"forminator-module-675\" class=\"forminator-custom-form forminator-custom-form-675\" method=\"post\" data-forminator-render=\"0\" data-uid=\"69dffc4fe81b5\"><div role=\"alert\" aria-live=\"polite\" class=\"forminator-response-message forminator-error\" aria-hidden=\"true\"><\/div><\/form><\/div>\n\n\n\n<hr class=\"wp-block-separator has-alpha-channel-opacity is-style-dots\"\/>\n\n\n\n<hr class=\"wp-block-separator has-alpha-channel-opacity is-style-default\"\/>\n\n\n\n<hr class=\"wp-block-separator has-alpha-channel-opacity is-style-dots\"\/>\n\n\n\n<h3 class=\"wp-block-heading has-text-align-center\">Tu as des questions ? Vas-y, fais toi plaisir !<\/h3>\n\n\n\n<div class=\"forminator-guttenberg\"><form id=\"forminator-module-678\" class=\"forminator-custom-form forminator-custom-form-678\" method=\"post\" data-forminator-render=\"0\" data-uid=\"69dffc4fe8886\"><div role=\"alert\" aria-live=\"polite\" class=\"forminator-response-message forminator-error\" aria-hidden=\"true\"><\/div><\/form><\/div>\n","protected":false},"excerpt":{"rendered":"<p>Retrouvez moi sur mes r\u00e9seaux Vous avez des questions sur mon travail ? Ou autre ? Passez par les r\u00e9seaux Une id\u00e9e de projet ? Tu veux un devis ? Vas-y, lances toi ! Tu veux en savoir plus sur ce qui se passe chez RinEcho Illustrations ? Inscris toi \u00e0 la Newsletters ! Tu &hellip; <\/p>\n<p class=\"link-more\"><a href=\"https:\/\/www.rinechoillus.fr\/?page_id=23\" class=\"more-link\">Lire la suite de<span class=\"screen-reader-text\">\u00ab\u00a0Contact\u00a0\u00bb<\/span><\/a><\/p>\n","protected":false},"author":1,"featured_media":0,"parent":0,"menu_order":1,"comment_status":"closed","ping_status":"closed","template":"","meta":{"_vp_format_video_url":"","_vp_image_focal_point":[],"inspiro_hide_title":false,"footnotes":""},"class_list":["post-23","page","type-page","status-publish","hentry"],"yoast_head":"<!-- This site is optimized with the Yoast SEO plugin v27.4 - https:\/\/yoast.com\/product\/yoast-seo-wordpress\/ -->\n<title>Contact - RinEcho Illustrations<\/title>\n<meta name=\"robots\" content=\"index, follow, max-snippet:-1, max-image-preview:large, max-video-preview:-1\" \/>\n<link rel=\"canonical\" href=\"https:\/\/www.rinechoillus.fr\/?page_id=23\" \/>\n<meta property=\"og:locale\" content=\"fr_FR\" \/>\n<meta property=\"og:type\" content=\"article\" \/>\n<meta property=\"og:title\" content=\"Contact - RinEcho Illustrations\" \/>\n<meta property=\"og:description\" content=\"Retrouvez moi sur mes r\u00e9seaux Vous avez des questions sur mon travail ? Ou autre ? Passez par les r\u00e9seaux Une id\u00e9e de projet ? Tu veux un devis ? Vas-y, lances toi ! Tu veux en savoir plus sur ce qui se passe chez RinEcho Illustrations ? Inscris toi \u00e0 la Newsletters ! Tu &hellip; Lire la suite de\u00ab\u00a0Contact\u00a0\u00bb\" \/>\n<meta property=\"og:url\" content=\"https:\/\/www.rinechoillus.fr\/?page_id=23\" \/>\n<meta property=\"og:site_name\" content=\"RinEcho Illustrations\" \/>\n<meta property=\"article:modified_time\" content=\"2025-10-13T13:43:16+00:00\" \/>\n<meta name=\"twitter:card\" content=\"summary_large_image\" \/>\n<meta name=\"twitter:label1\" content=\"Dur\u00e9e de lecture estim\u00e9e\" \/>\n\t<meta name=\"twitter:data1\" content=\"1 minute\" \/>\n<script type=\"application\/ld+json\" class=\"yoast-schema-graph\">{\"@context\":\"https:\\\/\\\/schema.org\",\"@graph\":[{\"@type\":\"WebPage\",\"@id\":\"https:\\\/\\\/www.rinechoillus.fr\\\/?page_id=23\",\"url\":\"https:\\\/\\\/www.rinechoillus.fr\\\/?page_id=23\",\"name\":\"Contact - RinEcho Illustrations\",\"isPartOf\":{\"@id\":\"https:\\\/\\\/www.rinechoillus.fr\\\/#website\"},\"datePublished\":\"2025-03-10T10:31:06+00:00\",\"dateModified\":\"2025-10-13T13:43:16+00:00\",\"breadcrumb\":{\"@id\":\"https:\\\/\\\/www.rinechoillus.fr\\\/?page_id=23#breadcrumb\"},\"inLanguage\":\"fr-FR\",\"potentialAction\":[{\"@type\":\"ReadAction\",\"target\":[\"https:\\\/\\\/www.rinechoillus.fr\\\/?page_id=23\"]}]},{\"@type\":\"BreadcrumbList\",\"@id\":\"https:\\\/\\\/www.rinechoillus.fr\\\/?page_id=23#breadcrumb\",\"itemListElement\":[{\"@type\":\"ListItem\",\"position\":1,\"name\":\"Accueil\",\"item\":\"https:\\\/\\\/www.rinechoillus.fr\\\/\"},{\"@type\":\"ListItem\",\"position\":2,\"name\":\"Contact\"}]},{\"@type\":\"WebSite\",\"@id\":\"https:\\\/\\\/www.rinechoillus.fr\\\/#website\",\"url\":\"https:\\\/\\\/www.rinechoillus.fr\\\/\",\"name\":\"RinEcho Illustrations\",\"description\":\"Votre inspiration et mon style nous donne une nouvelle vision.\",\"publisher\":{\"@id\":\"https:\\\/\\\/www.rinechoillus.fr\\\/#organization\"},\"potentialAction\":[{\"@type\":\"SearchAction\",\"target\":{\"@type\":\"EntryPoint\",\"urlTemplate\":\"https:\\\/\\\/www.rinechoillus.fr\\\/?s={search_term_string}\"},\"query-input\":{\"@type\":\"PropertyValueSpecification\",\"valueRequired\":true,\"valueName\":\"search_term_string\"}}],\"inLanguage\":\"fr-FR\"},{\"@type\":\"Organization\",\"@id\":\"https:\\\/\\\/www.rinechoillus.fr\\\/#organization\",\"name\":\"RinEcho Illustrations\",\"url\":\"https:\\\/\\\/www.rinechoillus.fr\\\/\",\"logo\":{\"@type\":\"ImageObject\",\"inLanguage\":\"fr-FR\",\"@id\":\"https:\\\/\\\/www.rinechoillus.fr\\\/#\\\/schema\\\/logo\\\/image\\\/\",\"url\":\"https:\\\/\\\/www.rinechoillus.fr\\\/wp-content\\\/uploads\\\/2025\\\/03\\\/cropped-cropped-ligne.png\",\"contentUrl\":\"https:\\\/\\\/www.rinechoillus.fr\\\/wp-content\\\/uploads\\\/2025\\\/03\\\/cropped-cropped-ligne.png\",\"width\":500,\"height\":173,\"caption\":\"RinEcho Illustrations\"},\"image\":{\"@id\":\"https:\\\/\\\/www.rinechoillus.fr\\\/#\\\/schema\\\/logo\\\/image\\\/\"},\"sameAs\":[\"https:\\\/\\\/www.instagram.com\\\/rinecho.illus\\\/\",\"https:\\\/\\\/www.youtube.com\\\/@rinechoscoffeetime\",\"https:\\\/\\\/www.twitch.tv\\\/rinecho\",\"https:\\\/\\\/www.tiktok.com\\\/@rinecho1\",\"https:\\\/\\\/linktr.ee\\\/RinEchoIllus\",\"https:\\\/\\\/www.redbubble.com\\\/fr\\\/people\\\/RinEcho\\\/shop?anchor=profile&asc=u\"]}]}<\/script>\n<!-- \/ Yoast SEO plugin. -->","yoast_head_json":{"title":"Contact - RinEcho Illustrations","robots":{"index":"index","follow":"follow","max-snippet":"max-snippet:-1","max-image-preview":"max-image-preview:large","max-video-preview":"max-video-preview:-1"},"canonical":"https:\/\/www.rinechoillus.fr\/?page_id=23","og_locale":"fr_FR","og_type":"article","og_title":"Contact - RinEcho Illustrations","og_description":"Retrouvez moi sur mes r\u00e9seaux Vous avez des questions sur mon travail ? Ou autre ? Passez par les r\u00e9seaux Une id\u00e9e de projet ? Tu veux un devis ? Vas-y, lances toi ! Tu veux en savoir plus sur ce qui se passe chez RinEcho Illustrations ? Inscris toi \u00e0 la Newsletters ! Tu &hellip; Lire la suite de\u00ab\u00a0Contact\u00a0\u00bb","og_url":"https:\/\/www.rinechoillus.fr\/?page_id=23","og_site_name":"RinEcho Illustrations","article_modified_time":"2025-10-13T13:43:16+00:00","twitter_card":"summary_large_image","twitter_misc":{"Dur\u00e9e de lecture estim\u00e9e":"1 minute"},"schema":{"@context":"https:\/\/schema.org","@graph":[{"@type":"WebPage","@id":"https:\/\/www.rinechoillus.fr\/?page_id=23","url":"https:\/\/www.rinechoillus.fr\/?page_id=23","name":"Contact - RinEcho Illustrations","isPartOf":{"@id":"https:\/\/www.rinechoillus.fr\/#website"},"datePublished":"2025-03-10T10:31:06+00:00","dateModified":"2025-10-13T13:43:16+00:00","breadcrumb":{"@id":"https:\/\/www.rinechoillus.fr\/?page_id=23#breadcrumb"},"inLanguage":"fr-FR","potentialAction":[{"@type":"ReadAction","target":["https:\/\/www.rinechoillus.fr\/?page_id=23"]}]},{"@type":"BreadcrumbList","@id":"https:\/\/www.rinechoillus.fr\/?page_id=23#breadcrumb","itemListElement":[{"@type":"ListItem","position":1,"name":"Accueil","item":"https:\/\/www.rinechoillus.fr\/"},{"@type":"ListItem","position":2,"name":"Contact"}]},{"@type":"WebSite","@id":"https:\/\/www.rinechoillus.fr\/#website","url":"https:\/\/www.rinechoillus.fr\/","name":"RinEcho Illustrations","description":"Votre inspiration et mon style nous donne une nouvelle vision.","publisher":{"@id":"https:\/\/www.rinechoillus.fr\/#organization"},"potentialAction":[{"@type":"SearchAction","target":{"@type":"EntryPoint","urlTemplate":"https:\/\/www.rinechoillus.fr\/?s={search_term_string}"},"query-input":{"@type":"PropertyValueSpecification","valueRequired":true,"valueName":"search_term_string"}}],"inLanguage":"fr-FR"},{"@type":"Organization","@id":"https:\/\/www.rinechoillus.fr\/#organization","name":"RinEcho Illustrations","url":"https:\/\/www.rinechoillus.fr\/","logo":{"@type":"ImageObject","inLanguage":"fr-FR","@id":"https:\/\/www.rinechoillus.fr\/#\/schema\/logo\/image\/","url":"https:\/\/www.rinechoillus.fr\/wp-content\/uploads\/2025\/03\/cropped-cropped-ligne.png","contentUrl":"https:\/\/www.rinechoillus.fr\/wp-content\/uploads\/2025\/03\/cropped-cropped-ligne.png","width":500,"height":173,"caption":"RinEcho Illustrations"},"image":{"@id":"https:\/\/www.rinechoillus.fr\/#\/schema\/logo\/image\/"},"sameAs":["https:\/\/www.instagram.com\/rinecho.illus\/","https:\/\/www.youtube.com\/@rinechoscoffeetime","https:\/\/www.twitch.tv\/rinecho","https:\/\/www.tiktok.com\/@rinecho1","https:\/\/linktr.ee\/RinEchoIllus","https:\/\/www.redbubble.com\/fr\/people\/RinEcho\/shop?anchor=profile&asc=u"]}]}},"_links":{"self":[{"href":"https:\/\/www.rinechoillus.fr\/index.php?rest_route=\/wp\/v2\/pages\/23","targetHints":{"allow":["GET"]}}],"collection":[{"href":"https:\/\/www.rinechoillus.fr\/index.php?rest_route=\/wp\/v2\/pages"}],"about":[{"href":"https:\/\/www.rinechoillus.fr\/index.php?rest_route=\/wp\/v2\/types\/page"}],"author":[{"embeddable":true,"href":"https:\/\/www.rinechoillus.fr\/index.php?rest_route=\/wp\/v2\/users\/1"}],"replies":[{"embeddable":true,"href":"https:\/\/www.rinechoillus.fr\/index.php?rest_route=%2Fwp%2Fv2%2Fcomments&post=23"}],"version-history":[{"count":23,"href":"https:\/\/www.rinechoillus.fr\/index.php?rest_route=\/wp\/v2\/pages\/23\/revisions"}],"predecessor-version":[{"id":705,"href":"https:\/\/www.rinechoillus.fr\/index.php?rest_route=\/wp\/v2\/pages\/23\/revisions\/705"}],"wp:attachment":[{"href":"https:\/\/www.rinechoillus.fr\/index.php?rest_route=%2Fwp%2Fv2%2Fmedia&parent=23"}],"curies":[{"name":"wp","href":"https:\/\/api.w.org\/{rel}","templated":true}]}}