{"id":124,"date":"2025-03-13T12:34:39","date_gmt":"2025-03-13T12:34:39","guid":{"rendered":"http:\/\/www.rinechoillus.fr\/?page_id=124"},"modified":"2025-04-22T23:18:39","modified_gmt":"2025-04-22T23:18:39","slug":"services-et-produits","status":"publish","type":"page","link":"https:\/\/www.rinechoillus.fr\/?page_id=124","title":{"rendered":"Services et Produits"},"content":{"rendered":"\n<div class=\"wp-block-media-text is-stacked-on-mobile\" style=\"grid-template-columns:32% auto\"><figure class=\"wp-block-media-text__media\"><img loading=\"lazy\" decoding=\"async\" width=\"819\" height=\"1024\" src=\"https:\/\/www.rinechoillus.fr\/wp-content\/uploads\/2025\/04\/Publicite-reseaux-1-819x1024.png\" alt=\"\" class=\"wp-image-469 size-full\" srcset=\"https:\/\/www.rinechoillus.fr\/wp-content\/uploads\/2025\/04\/Publicite-reseaux-1-819x1024.png 819w, https:\/\/www.rinechoillus.fr\/wp-content\/uploads\/2025\/04\/Publicite-reseaux-1-240x300.png 240w, https:\/\/www.rinechoillus.fr\/wp-content\/uploads\/2025\/04\/Publicite-reseaux-1-500x625.png 500w, https:\/\/www.rinechoillus.fr\/wp-content\/uploads\/2025\/04\/Publicite-reseaux-1-800x1000.png 800w, https:\/\/www.rinechoillus.fr\/wp-content\/uploads\/2025\/04\/Publicite-reseaux-1.png 1080w\" sizes=\"auto, (max-width: 819px) 100vw, 819px\" \/><\/figure><div class=\"wp-block-media-text__content\">\n<p>Bienvenue sur cette page o\u00f9 vous pourrez en savoir d&rsquo;avantage sur les services et produits que je propose. <\/p>\n\n\n\n<p><\/p>\n\n\n\n<p>Vous pourrez y trouver le lien vers la boutique ainsi qu&rsquo;un mini-guide sur les commandes. <\/p>\n<\/div><\/div>\n\n\n\n<h2 class=\"wp-block-heading has-text-align-center\">La boutique de produits<\/h2>\n\n\n\n<blockquote class=\"wp-block-quote is-layout-flow wp-block-quote-is-layout-flow\">\n<p class=\"has-text-align-center\">Une envie d&rsquo;un petit truc avec mes designs sans forc\u00e9ment passer une commande personnalis\u00e9e ? Passez par la boutique Redbubble pour y voir mes produits et faites vous plaisir !<\/p>\n<\/blockquote>\n\n\n\n<div class=\"wp-block-buttons is-content-justification-center is-layout-flex wp-container-core-buttons-is-layout-a89b3969 wp-block-buttons-is-layout-flex\">\n<div class=\"wp-block-button\"><a class=\"wp-block-button__link wp-element-button\" href=\"https:\/\/www.redbubble.com\/fr\/people\/RinEcho\/shop?anchor=profile&amp;asc=u\" target=\"_blank\" rel=\"noreferrer noopener\">Boutique<\/a><\/div>\n<\/div>\n\n\n\n<hr class=\"wp-block-separator has-alpha-channel-opacity is-style-wide\"\/>\n\n\n\n<h2 class=\"wp-block-heading has-text-align-center\">Les services personnalis\u00e9es<\/h2>\n\n\n\n<blockquote class=\"wp-block-quote is-layout-flow wp-block-quote-is-layout-flow\">\n<p class=\"has-text-align-center\">\u00ab\u00a0J&rsquo;ai peur de faire une commande ou je ne sais pas comment faire ?\u00a0\u00bb Rassurez vous dans la rubrique ci-dessous, je vais vous expliquer comment tout cela fonctionne ici et les conditions de commandes !<\/p>\n\n\n\n<p>Si vous avez d&rsquo;avantages de questions, n&rsquo;h\u00e9sitez pas \u00e0 passer sur les r\u00e9seaux ou \u00e0 me poser une question via e-mail ou formulaire.<\/p>\n<\/blockquote>\n\n\n\n<figure class=\"wp-block-image aligncenter size-large is-resized\"><img loading=\"lazy\" decoding=\"async\" width=\"1024\" height=\"572\" src=\"https:\/\/www.rinechoillus.fr\/wp-content\/uploads\/2025\/03\/conditions_commandes-1024x572.jpg\" alt=\"Guide de commandes\" class=\"wp-image-370\" style=\"width:873px;height:auto\" srcset=\"https:\/\/www.rinechoillus.fr\/wp-content\/uploads\/2025\/03\/conditions_commandes-1024x572.jpg 1024w, https:\/\/www.rinechoillus.fr\/wp-content\/uploads\/2025\/03\/conditions_commandes-300x168.jpg 300w, https:\/\/www.rinechoillus.fr\/wp-content\/uploads\/2025\/03\/conditions_commandes-500x279.jpg 500w, https:\/\/www.rinechoillus.fr\/wp-content\/uploads\/2025\/03\/conditions_commandes-800x447.jpg 800w, https:\/\/www.rinechoillus.fr\/wp-content\/uploads\/2025\/03\/conditions_commandes-1280x715.jpg 1280w, https:\/\/www.rinechoillus.fr\/wp-content\/uploads\/2025\/03\/conditions_commandes.jpg 1306w\" sizes=\"auto, (max-width: 1024px) 100vw, 1024px\" \/><\/figure>\n\n\n\n<div class=\"wp-block-buttons is-content-justification-center is-layout-flex wp-container-core-buttons-is-layout-a89b3969 wp-block-buttons-is-layout-flex\">\n<div class=\"wp-block-button\"><a class=\"wp-block-button__link wp-element-button\" href=\"https:\/\/www.rinechoillus.fr\/?page_id=23\">Formulaire<\/a><\/div>\n<\/div>\n","protected":false},"excerpt":{"rendered":"<p>Bienvenue sur cette page o\u00f9 vous pourrez en savoir d&rsquo;avantage sur les services et produits que je propose. Vous pourrez y trouver le lien vers la boutique ainsi qu&rsquo;un mini-guide sur les commandes. La boutique de produits Une envie d&rsquo;un petit truc avec mes designs sans forc\u00e9ment passer une commande personnalis\u00e9e ? Passez par la &hellip; <\/p>\n<p class=\"link-more\"><a href=\"https:\/\/www.rinechoillus.fr\/?page_id=124\" class=\"more-link\">Lire la suite de<span class=\"screen-reader-text\">\u00ab\u00a0Services et Produits\u00a0\u00bb<\/span><\/a><\/p>\n","protected":false},"author":1,"featured_media":469,"parent":0,"menu_order":-2,"comment_status":"closed","ping_status":"closed","template":"","meta":{"_vp_format_video_url":"","_vp_image_focal_point":[],"inspiro_hide_title":false,"footnotes":""},"class_list":["post-124","page","type-page","status-publish","has-post-thumbnail","hentry"],"yoast_head":"<!-- This site is optimized with the Yoast SEO plugin v27.4 - https:\/\/yoast.com\/product\/yoast-seo-wordpress\/ -->\n<title>Services et Produits - RinEcho Illustrations<\/title>\n<meta name=\"description\" content=\"Des renseignements sur les services et produits que je propose ? Tout est ici, il y a m\u00eame un petit guide pour passer commande !\" \/>\n<meta name=\"robots\" content=\"index, follow, max-snippet:-1, max-image-preview:large, max-video-preview:-1\" \/>\n<link rel=\"canonical\" href=\"https:\/\/www.rinechoillus.fr\/?page_id=124\" \/>\n<meta property=\"og:locale\" content=\"fr_FR\" \/>\n<meta property=\"og:type\" content=\"article\" \/>\n<meta property=\"og:title\" content=\"Services et Produits - RinEcho Illustrations\" \/>\n<meta property=\"og:description\" content=\"Des renseignements sur les services et produits que je propose ? Tout est ici, il y a m\u00eame un petit guide pour passer commande !\" \/>\n<meta property=\"og:url\" content=\"https:\/\/www.rinechoillus.fr\/?page_id=124\" \/>\n<meta property=\"og:site_name\" content=\"RinEcho Illustrations\" \/>\n<meta property=\"article:modified_time\" content=\"2025-04-22T23:18:39+00:00\" \/>\n<meta property=\"og:image\" content=\"https:\/\/www.rinechoillus.fr\/wp-content\/uploads\/2025\/04\/Publicite-reseaux-1.png\" \/>\n\t<meta property=\"og:image:width\" content=\"1080\" \/>\n\t<meta property=\"og:image:height\" content=\"1350\" \/>\n\t<meta property=\"og:image:type\" content=\"image\/png\" \/>\n<meta name=\"twitter:card\" content=\"summary_large_image\" \/>\n<meta name=\"twitter:label1\" content=\"Dur\u00e9e de lecture estim\u00e9e\" \/>\n\t<meta name=\"twitter:data1\" content=\"1 minute\" \/>\n<script type=\"application\/ld+json\" class=\"yoast-schema-graph\">{\"@context\":\"https:\\\/\\\/schema.org\",\"@graph\":[{\"@type\":\"WebPage\",\"@id\":\"https:\\\/\\\/www.rinechoillus.fr\\\/?page_id=124\",\"url\":\"https:\\\/\\\/www.rinechoillus.fr\\\/?page_id=124\",\"name\":\"Services et Produits - RinEcho Illustrations\",\"isPartOf\":{\"@id\":\"https:\\\/\\\/www.rinechoillus.fr\\\/#website\"},\"primaryImageOfPage\":{\"@id\":\"https:\\\/\\\/www.rinechoillus.fr\\\/?page_id=124#primaryimage\"},\"image\":{\"@id\":\"https:\\\/\\\/www.rinechoillus.fr\\\/?page_id=124#primaryimage\"},\"thumbnailUrl\":\"https:\\\/\\\/www.rinechoillus.fr\\\/wp-content\\\/uploads\\\/2025\\\/04\\\/Publicite-reseaux-1.png\",\"datePublished\":\"2025-03-13T12:34:39+00:00\",\"dateModified\":\"2025-04-22T23:18:39+00:00\",\"description\":\"Des renseignements sur les services et produits que je propose ? Tout est ici, il y a m\u00eame un petit guide pour passer commande !\",\"breadcrumb\":{\"@id\":\"https:\\\/\\\/www.rinechoillus.fr\\\/?page_id=124#breadcrumb\"},\"inLanguage\":\"fr-FR\",\"potentialAction\":[{\"@type\":\"ReadAction\",\"target\":[\"https:\\\/\\\/www.rinechoillus.fr\\\/?page_id=124\"]}]},{\"@type\":\"ImageObject\",\"inLanguage\":\"fr-FR\",\"@id\":\"https:\\\/\\\/www.rinechoillus.fr\\\/?page_id=124#primaryimage\",\"url\":\"https:\\\/\\\/www.rinechoillus.fr\\\/wp-content\\\/uploads\\\/2025\\\/04\\\/Publicite-reseaux-1.png\",\"contentUrl\":\"https:\\\/\\\/www.rinechoillus.fr\\\/wp-content\\\/uploads\\\/2025\\\/04\\\/Publicite-reseaux-1.png\",\"width\":1080,\"height\":1350},{\"@type\":\"BreadcrumbList\",\"@id\":\"https:\\\/\\\/www.rinechoillus.fr\\\/?page_id=124#breadcrumb\",\"itemListElement\":[{\"@type\":\"ListItem\",\"position\":1,\"name\":\"Accueil\",\"item\":\"https:\\\/\\\/www.rinechoillus.fr\\\/\"},{\"@type\":\"ListItem\",\"position\":2,\"name\":\"Services et Produits\"}]},{\"@type\":\"WebSite\",\"@id\":\"https:\\\/\\\/www.rinechoillus.fr\\\/#website\",\"url\":\"https:\\\/\\\/www.rinechoillus.fr\\\/\",\"name\":\"RinEcho Illustrations\",\"description\":\"Votre inspiration et mon style nous donne une nouvelle vision.\",\"publisher\":{\"@id\":\"https:\\\/\\\/www.rinechoillus.fr\\\/#organization\"},\"potentialAction\":[{\"@type\":\"SearchAction\",\"target\":{\"@type\":\"EntryPoint\",\"urlTemplate\":\"https:\\\/\\\/www.rinechoillus.fr\\\/?s={search_term_string}\"},\"query-input\":{\"@type\":\"PropertyValueSpecification\",\"valueRequired\":true,\"valueName\":\"search_term_string\"}}],\"inLanguage\":\"fr-FR\"},{\"@type\":\"Organization\",\"@id\":\"https:\\\/\\\/www.rinechoillus.fr\\\/#organization\",\"name\":\"RinEcho Illustrations\",\"url\":\"https:\\\/\\\/www.rinechoillus.fr\\\/\",\"logo\":{\"@type\":\"ImageObject\",\"inLanguage\":\"fr-FR\",\"@id\":\"https:\\\/\\\/www.rinechoillus.fr\\\/#\\\/schema\\\/logo\\\/image\\\/\",\"url\":\"https:\\\/\\\/www.rinechoillus.fr\\\/wp-content\\\/uploads\\\/2025\\\/03\\\/cropped-cropped-ligne.png\",\"contentUrl\":\"https:\\\/\\\/www.rinechoillus.fr\\\/wp-content\\\/uploads\\\/2025\\\/03\\\/cropped-cropped-ligne.png\",\"width\":500,\"height\":173,\"caption\":\"RinEcho Illustrations\"},\"image\":{\"@id\":\"https:\\\/\\\/www.rinechoillus.fr\\\/#\\\/schema\\\/logo\\\/image\\\/\"},\"sameAs\":[\"https:\\\/\\\/www.instagram.com\\\/rinecho.illus\\\/\",\"https:\\\/\\\/www.youtube.com\\\/@rinechoscoffeetime\",\"https:\\\/\\\/www.twitch.tv\\\/rinecho\",\"https:\\\/\\\/www.tiktok.com\\\/@rinecho1\",\"https:\\\/\\\/linktr.ee\\\/RinEchoIllus\",\"https:\\\/\\\/www.redbubble.com\\\/fr\\\/people\\\/RinEcho\\\/shop?anchor=profile&asc=u\"]}]}<\/script>\n<!-- \/ Yoast SEO plugin. -->","yoast_head_json":{"title":"Services et Produits - RinEcho Illustrations","description":"Des renseignements sur les services et produits que je propose ? Tout est ici, il y a m\u00eame un petit guide pour passer commande !","robots":{"index":"index","follow":"follow","max-snippet":"max-snippet:-1","max-image-preview":"max-image-preview:large","max-video-preview":"max-video-preview:-1"},"canonical":"https:\/\/www.rinechoillus.fr\/?page_id=124","og_locale":"fr_FR","og_type":"article","og_title":"Services et Produits - RinEcho Illustrations","og_description":"Des renseignements sur les services et produits que je propose ? Tout est ici, il y a m\u00eame un petit guide pour passer commande !","og_url":"https:\/\/www.rinechoillus.fr\/?page_id=124","og_site_name":"RinEcho Illustrations","article_modified_time":"2025-04-22T23:18:39+00:00","og_image":[{"width":1080,"height":1350,"url":"https:\/\/www.rinechoillus.fr\/wp-content\/uploads\/2025\/04\/Publicite-reseaux-1.png","type":"image\/png"}],"twitter_card":"summary_large_image","twitter_misc":{"Dur\u00e9e de lecture estim\u00e9e":"1 minute"},"schema":{"@context":"https:\/\/schema.org","@graph":[{"@type":"WebPage","@id":"https:\/\/www.rinechoillus.fr\/?page_id=124","url":"https:\/\/www.rinechoillus.fr\/?page_id=124","name":"Services et Produits - RinEcho Illustrations","isPartOf":{"@id":"https:\/\/www.rinechoillus.fr\/#website"},"primaryImageOfPage":{"@id":"https:\/\/www.rinechoillus.fr\/?page_id=124#primaryimage"},"image":{"@id":"https:\/\/www.rinechoillus.fr\/?page_id=124#primaryimage"},"thumbnailUrl":"https:\/\/www.rinechoillus.fr\/wp-content\/uploads\/2025\/04\/Publicite-reseaux-1.png","datePublished":"2025-03-13T12:34:39+00:00","dateModified":"2025-04-22T23:18:39+00:00","description":"Des renseignements sur les services et produits que je propose ? Tout est ici, il y a m\u00eame un petit guide pour passer commande !","breadcrumb":{"@id":"https:\/\/www.rinechoillus.fr\/?page_id=124#breadcrumb"},"inLanguage":"fr-FR","potentialAction":[{"@type":"ReadAction","target":["https:\/\/www.rinechoillus.fr\/?page_id=124"]}]},{"@type":"ImageObject","inLanguage":"fr-FR","@id":"https:\/\/www.rinechoillus.fr\/?page_id=124#primaryimage","url":"https:\/\/www.rinechoillus.fr\/wp-content\/uploads\/2025\/04\/Publicite-reseaux-1.png","contentUrl":"https:\/\/www.rinechoillus.fr\/wp-content\/uploads\/2025\/04\/Publicite-reseaux-1.png","width":1080,"height":1350},{"@type":"BreadcrumbList","@id":"https:\/\/www.rinechoillus.fr\/?page_id=124#breadcrumb","itemListElement":[{"@type":"ListItem","position":1,"name":"Accueil","item":"https:\/\/www.rinechoillus.fr\/"},{"@type":"ListItem","position":2,"name":"Services et Produits"}]},{"@type":"WebSite","@id":"https:\/\/www.rinechoillus.fr\/#website","url":"https:\/\/www.rinechoillus.fr\/","name":"RinEcho Illustrations","description":"Votre inspiration et mon style nous donne une nouvelle vision.","publisher":{"@id":"https:\/\/www.rinechoillus.fr\/#organization"},"potentialAction":[{"@type":"SearchAction","target":{"@type":"EntryPoint","urlTemplate":"https:\/\/www.rinechoillus.fr\/?s={search_term_string}"},"query-input":{"@type":"PropertyValueSpecification","valueRequired":true,"valueName":"search_term_string"}}],"inLanguage":"fr-FR"},{"@type":"Organization","@id":"https:\/\/www.rinechoillus.fr\/#organization","name":"RinEcho Illustrations","url":"https:\/\/www.rinechoillus.fr\/","logo":{"@type":"ImageObject","inLanguage":"fr-FR","@id":"https:\/\/www.rinechoillus.fr\/#\/schema\/logo\/image\/","url":"https:\/\/www.rinechoillus.fr\/wp-content\/uploads\/2025\/03\/cropped-cropped-ligne.png","contentUrl":"https:\/\/www.rinechoillus.fr\/wp-content\/uploads\/2025\/03\/cropped-cropped-ligne.png","width":500,"height":173,"caption":"RinEcho Illustrations"},"image":{"@id":"https:\/\/www.rinechoillus.fr\/#\/schema\/logo\/image\/"},"sameAs":["https:\/\/www.instagram.com\/rinecho.illus\/","https:\/\/www.youtube.com\/@rinechoscoffeetime","https:\/\/www.twitch.tv\/rinecho","https:\/\/www.tiktok.com\/@rinecho1","https:\/\/linktr.ee\/RinEchoIllus","https:\/\/www.redbubble.com\/fr\/people\/RinEcho\/shop?anchor=profile&asc=u"]}]}},"_links":{"self":[{"href":"https:\/\/www.rinechoillus.fr\/index.php?rest_route=\/wp\/v2\/pages\/124","targetHints":{"allow":["GET"]}}],"collection":[{"href":"https:\/\/www.rinechoillus.fr\/index.php?rest_route=\/wp\/v2\/pages"}],"about":[{"href":"https:\/\/www.rinechoillus.fr\/index.php?rest_route=\/wp\/v2\/types\/page"}],"author":[{"embeddable":true,"href":"https:\/\/www.rinechoillus.fr\/index.php?rest_route=\/wp\/v2\/users\/1"}],"replies":[{"embeddable":true,"href":"https:\/\/www.rinechoillus.fr\/index.php?rest_route=%2Fwp%2Fv2%2Fcomments&post=124"}],"version-history":[{"count":14,"href":"https:\/\/www.rinechoillus.fr\/index.php?rest_route=\/wp\/v2\/pages\/124\/revisions"}],"predecessor-version":[{"id":471,"href":"https:\/\/www.rinechoillus.fr\/index.php?rest_route=\/wp\/v2\/pages\/124\/revisions\/471"}],"wp:featuredmedia":[{"embeddable":true,"href":"https:\/\/www.rinechoillus.fr\/index.php?rest_route=\/wp\/v2\/media\/469"}],"wp:attachment":[{"href":"https:\/\/www.rinechoillus.fr\/index.php?rest_route=%2Fwp%2Fv2%2Fmedia&parent=124"}],"curies":[{"name":"wp","href":"https:\/\/api.w.org\/{rel}","templated":true}]}}